{"id":969,"date":"2024-03-18T07:20:12","date_gmt":"2024-03-18T06:20:12","guid":{"rendered":"https:\/\/gitelejardindesalberes.fr\/?page_id=969"},"modified":"2025-01-27T06:40:35","modified_gmt":"2025-01-27T05:40:35","slug":"photos-doiseaux","status":"publish","type":"page","link":"https:\/\/gitelejardindesalberes.fr\/?page_id=969","title":{"rendered":"Photos d&rsquo;oiseaux"},"content":{"rendered":"\n<p><strong>Photos: Arnaud Pastoret<\/strong><\/p>\n\n\n\n<p><strong>Galerie de photos prises sur l&rsquo;espace du g\u00eete:<\/strong><\/p>\n\n\n<div class=\"wp-block-image\">\n<figure class=\"aligncenter size-full is-resized\"><img loading=\"lazy\" decoding=\"async\" width=\"750\" height=\"1000\" src=\"https:\/\/gitelejardindesalberes.fr\/wp-content\/uploads\/2025\/01\/mesangebleue1rec1crsigngitrd1000.jpg\" alt=\"\" class=\"wp-image-1132\" style=\"width:604px;height:auto\" srcset=\"https:\/\/gitelejardindesalberes.fr\/wp-content\/uploads\/2025\/01\/mesangebleue1rec1crsigngitrd1000.jpg 750w, https:\/\/gitelejardindesalberes.fr\/wp-content\/uploads\/2025\/01\/mesangebleue1rec1crsigngitrd1000-225x300.jpg 225w, https:\/\/gitelejardindesalberes.fr\/wp-content\/uploads\/2025\/01\/mesangebleue1rec1crsigngitrd1000-1x1.jpg 1w\" sizes=\"auto, (max-width: 750px) 100vw, 750px\" \/><figcaption class=\"wp-element-caption\">M\u00e9sange bleue<\/figcaption><\/figure>\n<\/div>\n\n<div class=\"wp-block-image\">\n<figure class=\"aligncenter size-full is-resized\"><img loading=\"lazy\" decoding=\"async\" width=\"750\" height=\"1000\" src=\"https:\/\/gitelejardindesalberes.fr\/wp-content\/uploads\/2025\/01\/rouge-gorge-cache1rec1crlu010signgitrd1000.jpg\" alt=\"\" class=\"wp-image-1135\" style=\"width:600px;height:auto\" srcset=\"https:\/\/gitelejardindesalberes.fr\/wp-content\/uploads\/2025\/01\/rouge-gorge-cache1rec1crlu010signgitrd1000.jpg 750w, https:\/\/gitelejardindesalberes.fr\/wp-content\/uploads\/2025\/01\/rouge-gorge-cache1rec1crlu010signgitrd1000-225x300.jpg 225w, https:\/\/gitelejardindesalberes.fr\/wp-content\/uploads\/2025\/01\/rouge-gorge-cache1rec1crlu010signgitrd1000-1x1.jpg 1w\" sizes=\"auto, (max-width: 750px) 100vw, 750px\" \/><figcaption class=\"wp-element-caption\">Rougegorge familier<\/figcaption><\/figure>\n<\/div>\n\n<div class=\"wp-block-image\">\n<figure class=\"aligncenter size-full is-resized\"><img loading=\"lazy\" decoding=\"async\" width=\"750\" height=\"1000\" src=\"https:\/\/gitelejardindesalberes.fr\/wp-content\/uploads\/2025\/01\/moineauFa2rec1crsignegitrd1000.jpg\" alt=\"\" class=\"wp-image-1144\" style=\"width:600px;height:auto\" srcset=\"https:\/\/gitelejardindesalberes.fr\/wp-content\/uploads\/2025\/01\/moineauFa2rec1crsignegitrd1000.jpg 750w, https:\/\/gitelejardindesalberes.fr\/wp-content\/uploads\/2025\/01\/moineauFa2rec1crsignegitrd1000-225x300.jpg 225w, https:\/\/gitelejardindesalberes.fr\/wp-content\/uploads\/2025\/01\/moineauFa2rec1crsignegitrd1000-1x1.jpg 1w\" sizes=\"auto, (max-width: 750px) 100vw, 750px\" \/><figcaption class=\"wp-element-caption\">Moineau domestique femelle<\/figcaption><\/figure>\n<\/div>\n\n<div class=\"wp-block-image\">\n<figure class=\"aligncenter size-full is-resized\"><img loading=\"lazy\" decoding=\"async\" width=\"750\" height=\"1000\" src=\"https:\/\/gitelejardindesalberes.fr\/wp-content\/uploads\/2025\/01\/moineauM1rec1crlu510signgitrd1000.jpg\" alt=\"\" class=\"wp-image-1136\" style=\"width:600px;height:auto\" srcset=\"https:\/\/gitelejardindesalberes.fr\/wp-content\/uploads\/2025\/01\/moineauM1rec1crlu510signgitrd1000.jpg 750w, https:\/\/gitelejardindesalberes.fr\/wp-content\/uploads\/2025\/01\/moineauM1rec1crlu510signgitrd1000-225x300.jpg 225w, https:\/\/gitelejardindesalberes.fr\/wp-content\/uploads\/2025\/01\/moineauM1rec1crlu510signgitrd1000-1x1.jpg 1w\" sizes=\"auto, (max-width: 750px) 100vw, 750px\" \/><figcaption class=\"wp-element-caption\">Moineau domestique m\u00e2le<\/figcaption><\/figure>\n<\/div>\n\n<div class=\"wp-block-image\">\n<figure class=\"aligncenter size-full\"><img loading=\"lazy\" decoding=\"async\" width=\"1000\" height=\"750\" src=\"https:\/\/gitelejardindesalberes.fr\/wp-content\/uploads\/2025\/01\/RQmale-profil1rec1crlu10-signgit-rd1000.jpg\" alt=\"\" class=\"wp-image-1145\" srcset=\"https:\/\/gitelejardindesalberes.fr\/wp-content\/uploads\/2025\/01\/RQmale-profil1rec1crlu10-signgit-rd1000.jpg 1000w, https:\/\/gitelejardindesalberes.fr\/wp-content\/uploads\/2025\/01\/RQmale-profil1rec1crlu10-signgit-rd1000-300x225.jpg 300w, https:\/\/gitelejardindesalberes.fr\/wp-content\/uploads\/2025\/01\/RQmale-profil1rec1crlu10-signgit-rd1000-768x576.jpg 768w, https:\/\/gitelejardindesalberes.fr\/wp-content\/uploads\/2025\/01\/RQmale-profil1rec1crlu10-signgit-rd1000-1x1.jpg 1w\" sizes=\"auto, (max-width: 1000px) 100vw, 1000px\" \/><figcaption class=\"wp-element-caption\">Rougequeue noir m\u00e2le<\/figcaption><\/figure>\n<\/div>\n\n<div class=\"wp-block-image\">\n<figure class=\"aligncenter size-full is-resized\"><img loading=\"lazy\" decoding=\"async\" width=\"750\" height=\"1000\" src=\"https:\/\/gitelejardindesalberes.fr\/wp-content\/uploads\/2025\/01\/FTN-femAloe1rec1cr-signegit-rd1000.jpg\" alt=\"\" class=\"wp-image-1133\" style=\"width:602px;height:auto\" srcset=\"https:\/\/gitelejardindesalberes.fr\/wp-content\/uploads\/2025\/01\/FTN-femAloe1rec1cr-signegit-rd1000.jpg 750w, https:\/\/gitelejardindesalberes.fr\/wp-content\/uploads\/2025\/01\/FTN-femAloe1rec1cr-signegit-rd1000-225x300.jpg 225w, https:\/\/gitelejardindesalberes.fr\/wp-content\/uploads\/2025\/01\/FTN-femAloe1rec1cr-signegit-rd1000-1x1.jpg 1w\" sizes=\"auto, (max-width: 750px) 100vw, 750px\" \/><figcaption class=\"wp-element-caption\">Fauvette \u00e0 t\u00eate noire femelle<\/figcaption><\/figure>\n<\/div>\n\n<div class=\"wp-block-image\">\n<figure class=\"aligncenter size-full\"><img loading=\"lazy\" decoding=\"async\" width=\"1000\" height=\"750\" src=\"https:\/\/gitelejardindesalberes.fr\/wp-content\/uploads\/2025\/01\/FTN-male2rec4Tcrlu30-signgitrd1000.jpg\" alt=\"\" class=\"wp-image-1134\" srcset=\"https:\/\/gitelejardindesalberes.fr\/wp-content\/uploads\/2025\/01\/FTN-male2rec4Tcrlu30-signgitrd1000.jpg 1000w, https:\/\/gitelejardindesalberes.fr\/wp-content\/uploads\/2025\/01\/FTN-male2rec4Tcrlu30-signgitrd1000-300x225.jpg 300w, https:\/\/gitelejardindesalberes.fr\/wp-content\/uploads\/2025\/01\/FTN-male2rec4Tcrlu30-signgitrd1000-768x576.jpg 768w, https:\/\/gitelejardindesalberes.fr\/wp-content\/uploads\/2025\/01\/FTN-male2rec4Tcrlu30-signgitrd1000-1x1.jpg 1w\" sizes=\"auto, (max-width: 1000px) 100vw, 1000px\" \/><figcaption class=\"wp-element-caption\">Fauvette \u00e0 t\u00eate noire m\u00e2le<\/figcaption><\/figure>\n<\/div>\n\n\n<figure class=\"wp-block-image size-full\"><img loading=\"lazy\" decoding=\"async\" width=\"1000\" height=\"750\" src=\"https:\/\/gitelejardindesalberes.fr\/wp-content\/uploads\/2024\/03\/serin-chant-rec4tiers-cr-signegite-rd1000.jpg\" alt=\"\" class=\"wp-image-1001\" srcset=\"https:\/\/gitelejardindesalberes.fr\/wp-content\/uploads\/2024\/03\/serin-chant-rec4tiers-cr-signegite-rd1000.jpg 1000w, https:\/\/gitelejardindesalberes.fr\/wp-content\/uploads\/2024\/03\/serin-chant-rec4tiers-cr-signegite-rd1000-300x225.jpg 300w, https:\/\/gitelejardindesalberes.fr\/wp-content\/uploads\/2024\/03\/serin-chant-rec4tiers-cr-signegite-rd1000-768x576.jpg 768w, https:\/\/gitelejardindesalberes.fr\/wp-content\/uploads\/2024\/03\/serin-chant-rec4tiers-cr-signegite-rd1000-1x1.jpg 1w\" sizes=\"auto, (max-width: 1000px) 100vw, 1000px\" \/><figcaption class=\"wp-element-caption\">Serin cini chantant<\/figcaption><\/figure>\n\n\n<div class=\"wp-block-image\">\n<figure class=\"aligncenter size-full is-resized\"><img loading=\"lazy\" decoding=\"async\" width=\"750\" height=\"1000\" src=\"https:\/\/gitelejardindesalberes.fr\/wp-content\/uploads\/2025\/01\/bruant-chant1-rec1-crlu4040-signe-giterd1000.jpg\" alt=\"\" class=\"wp-image-1148\" style=\"width:602px;height:auto\" srcset=\"https:\/\/gitelejardindesalberes.fr\/wp-content\/uploads\/2025\/01\/bruant-chant1-rec1-crlu4040-signe-giterd1000.jpg 750w, https:\/\/gitelejardindesalberes.fr\/wp-content\/uploads\/2025\/01\/bruant-chant1-rec1-crlu4040-signe-giterd1000-225x300.jpg 225w, https:\/\/gitelejardindesalberes.fr\/wp-content\/uploads\/2025\/01\/bruant-chant1-rec1-crlu4040-signe-giterd1000-1x1.jpg 1w\" sizes=\"auto, (max-width: 750px) 100vw, 750px\" \/><figcaption class=\"wp-element-caption\">Bruant zizi chantant<\/figcaption><\/figure>\n<\/div>\n\n\n<figure class=\"wp-block-image size-full\"><img loading=\"lazy\" decoding=\"async\" width=\"1000\" height=\"750\" src=\"https:\/\/gitelejardindesalberes.fr\/wp-content\/uploads\/2024\/03\/huppe-b4rec4tiers-crsignerd1000.jpg\" alt=\"\" class=\"wp-image-992\" srcset=\"https:\/\/gitelejardindesalberes.fr\/wp-content\/uploads\/2024\/03\/huppe-b4rec4tiers-crsignerd1000.jpg 1000w, https:\/\/gitelejardindesalberes.fr\/wp-content\/uploads\/2024\/03\/huppe-b4rec4tiers-crsignerd1000-300x225.jpg 300w, https:\/\/gitelejardindesalberes.fr\/wp-content\/uploads\/2024\/03\/huppe-b4rec4tiers-crsignerd1000-768x576.jpg 768w, https:\/\/gitelejardindesalberes.fr\/wp-content\/uploads\/2024\/03\/huppe-b4rec4tiers-crsignerd1000-1x1.jpg 1w\" sizes=\"auto, (max-width: 1000px) 100vw, 1000px\" \/><figcaption class=\"wp-element-caption\">Huppe fasci\u00e9e<\/figcaption><\/figure>\n\n\n<div class=\"wp-block-image\">\n<figure class=\"aligncenter size-full is-resized\"><img loading=\"lazy\" decoding=\"async\" width=\"750\" height=\"1000\" src=\"https:\/\/gitelejardindesalberes.fr\/wp-content\/uploads\/2024\/03\/orite1-rec4tiers-vert-signecentrerd1000.jpg\" alt=\"\" class=\"wp-image-1004\" style=\"width:608px;height:auto\" srcset=\"https:\/\/gitelejardindesalberes.fr\/wp-content\/uploads\/2024\/03\/orite1-rec4tiers-vert-signecentrerd1000.jpg 750w, https:\/\/gitelejardindesalberes.fr\/wp-content\/uploads\/2024\/03\/orite1-rec4tiers-vert-signecentrerd1000-225x300.jpg 225w, https:\/\/gitelejardindesalberes.fr\/wp-content\/uploads\/2024\/03\/orite1-rec4tiers-vert-signecentrerd1000-1x1.jpg 1w\" sizes=\"auto, (max-width: 750px) 100vw, 750px\" \/><figcaption class=\"wp-element-caption\">Orite (ou m\u00e9sange) \u00e0 longue queue<\/figcaption><\/figure>\n<\/div>\n\n\n<figure class=\"wp-block-image size-full\"><img loading=\"lazy\" decoding=\"async\" width=\"1000\" height=\"750\" src=\"https:\/\/gitelejardindesalberes.fr\/wp-content\/uploads\/2024\/03\/sitelle2-OK1rec4tiers-crsigne1rd1000.jpg\" alt=\"\" class=\"wp-image-995\" srcset=\"https:\/\/gitelejardindesalberes.fr\/wp-content\/uploads\/2024\/03\/sitelle2-OK1rec4tiers-crsigne1rd1000.jpg 1000w, https:\/\/gitelejardindesalberes.fr\/wp-content\/uploads\/2024\/03\/sitelle2-OK1rec4tiers-crsigne1rd1000-300x225.jpg 300w, https:\/\/gitelejardindesalberes.fr\/wp-content\/uploads\/2024\/03\/sitelle2-OK1rec4tiers-crsigne1rd1000-768x576.jpg 768w, https:\/\/gitelejardindesalberes.fr\/wp-content\/uploads\/2024\/03\/sitelle2-OK1rec4tiers-crsigne1rd1000-1x1.jpg 1w\" sizes=\"auto, (max-width: 1000px) 100vw, 1000px\" \/><figcaption class=\"wp-element-caption\">Sitelle torchepot<\/figcaption><\/figure>\n\n\n<div class=\"wp-block-image\">\n<figure class=\"aligncenter size-full\"><img loading=\"lazy\" decoding=\"async\" width=\"1000\" height=\"750\" src=\"https:\/\/gitelejardindesalberes.fr\/wp-content\/uploads\/2025\/01\/verdier-a-reclu2510-signe-gite-rd1000.jpg\" alt=\"\" class=\"wp-image-1149\" srcset=\"https:\/\/gitelejardindesalberes.fr\/wp-content\/uploads\/2025\/01\/verdier-a-reclu2510-signe-gite-rd1000.jpg 1000w, https:\/\/gitelejardindesalberes.fr\/wp-content\/uploads\/2025\/01\/verdier-a-reclu2510-signe-gite-rd1000-300x225.jpg 300w, https:\/\/gitelejardindesalberes.fr\/wp-content\/uploads\/2025\/01\/verdier-a-reclu2510-signe-gite-rd1000-768x576.jpg 768w, https:\/\/gitelejardindesalberes.fr\/wp-content\/uploads\/2025\/01\/verdier-a-reclu2510-signe-gite-rd1000-1x1.jpg 1w\" sizes=\"auto, (max-width: 1000px) 100vw, 1000px\" \/><figcaption class=\"wp-element-caption\">Verdier d&rsquo;Europe<\/figcaption><\/figure>\n<\/div>\n\n\n<figure class=\"wp-block-image size-full\"><img loading=\"lazy\" decoding=\"async\" width=\"1000\" height=\"750\" src=\"https:\/\/gitelejardindesalberes.fr\/wp-content\/uploads\/2024\/03\/roitelet-huppe1-rec4tiers-crsignerd1000.jpg\" alt=\"\" class=\"wp-image-997\" srcset=\"https:\/\/gitelejardindesalberes.fr\/wp-content\/uploads\/2024\/03\/roitelet-huppe1-rec4tiers-crsignerd1000.jpg 1000w, https:\/\/gitelejardindesalberes.fr\/wp-content\/uploads\/2024\/03\/roitelet-huppe1-rec4tiers-crsignerd1000-300x225.jpg 300w, https:\/\/gitelejardindesalberes.fr\/wp-content\/uploads\/2024\/03\/roitelet-huppe1-rec4tiers-crsignerd1000-768x576.jpg 768w, https:\/\/gitelejardindesalberes.fr\/wp-content\/uploads\/2024\/03\/roitelet-huppe1-rec4tiers-crsignerd1000-1x1.jpg 1w\" sizes=\"auto, (max-width: 1000px) 100vw, 1000px\" \/><figcaption class=\"wp-element-caption\">Roitelet hupp\u00e9<\/figcaption><\/figure>\n\n\n\n<figure class=\"wp-block-image size-full\"><img loading=\"lazy\" decoding=\"async\" width=\"1000\" height=\"750\" src=\"https:\/\/gitelejardindesalberes.fr\/wp-content\/uploads\/2024\/03\/mesange-huppe-pousses1-rec4tiershoriz-crsigne-rd1000.jpg\" alt=\"\" class=\"wp-image-998\" srcset=\"https:\/\/gitelejardindesalberes.fr\/wp-content\/uploads\/2024\/03\/mesange-huppe-pousses1-rec4tiershoriz-crsigne-rd1000.jpg 1000w, https:\/\/gitelejardindesalberes.fr\/wp-content\/uploads\/2024\/03\/mesange-huppe-pousses1-rec4tiershoriz-crsigne-rd1000-300x225.jpg 300w, https:\/\/gitelejardindesalberes.fr\/wp-content\/uploads\/2024\/03\/mesange-huppe-pousses1-rec4tiershoriz-crsigne-rd1000-768x576.jpg 768w, https:\/\/gitelejardindesalberes.fr\/wp-content\/uploads\/2024\/03\/mesange-huppe-pousses1-rec4tiershoriz-crsigne-rd1000-1x1.jpg 1w\" sizes=\"auto, (max-width: 1000px) 100vw, 1000px\" \/><figcaption class=\"wp-element-caption\">M\u00e9sange hupp\u00e9e<\/figcaption><\/figure>\n","protected":false},"excerpt":{"rendered":"<p>Photos: Arnaud Pastoret Galerie de photos prises sur l&rsquo;espace du g\u00eete:<\/p>\n","protected":false},"author":1,"featured_media":0,"parent":0,"menu_order":0,"comment_status":"closed","ping_status":"closed","template":"","meta":{"footnotes":""},"class_list":["post-969","page","type-page","status-publish","hentry"],"_links":{"self":[{"href":"https:\/\/gitelejardindesalberes.fr\/index.php?rest_route=\/wp\/v2\/pages\/969","targetHints":{"allow":["GET"]}}],"collection":[{"href":"https:\/\/gitelejardindesalberes.fr\/index.php?rest_route=\/wp\/v2\/pages"}],"about":[{"href":"https:\/\/gitelejardindesalberes.fr\/index.php?rest_route=\/wp\/v2\/types\/page"}],"author":[{"embeddable":true,"href":"https:\/\/gitelejardindesalberes.fr\/index.php?rest_route=\/wp\/v2\/users\/1"}],"replies":[{"embeddable":true,"href":"https:\/\/gitelejardindesalberes.fr\/index.php?rest_route=%2Fwp%2Fv2%2Fcomments&post=969"}],"version-history":[{"count":18,"href":"https:\/\/gitelejardindesalberes.fr\/index.php?rest_route=\/wp\/v2\/pages\/969\/revisions"}],"predecessor-version":[{"id":1151,"href":"https:\/\/gitelejardindesalberes.fr\/index.php?rest_route=\/wp\/v2\/pages\/969\/revisions\/1151"}],"wp:attachment":[{"href":"https:\/\/gitelejardindesalberes.fr\/index.php?rest_route=%2Fwp%2Fv2%2Fmedia&parent=969"}],"curies":[{"name":"wp","href":"https:\/\/api.w.org\/{rel}","templated":true}]}}