{"id":54,"date":"2021-06-03T11:07:38","date_gmt":"2021-06-03T09:07:38","guid":{"rendered":"http:\/\/gitelejardindesalberes.fr\/?page_id=54"},"modified":"2024-03-18T07:34:02","modified_gmt":"2024-03-18T06:34:02","slug":"photos-jardin-et-parc","status":"publish","type":"page","link":"https:\/\/gitelejardindesalberes.fr\/?page_id=54","title":{"rendered":"Photos jardin et for\u00eat"},"content":{"rendered":"\n<p>     .<\/p>\n\n\n\n<a href=\"https:\/\/gitelejardindesalberes.fr\/?page_id=198\" target=\"_blank\" rel=\"noopener noreferrer\">cliquer ici pour Jardin et Parc G\u00eete Le Jardin des Alb\u00e8res \u00e0 Argel\u00e8s sur mer<\/a>\n\n\n\n<p>.<\/p>\n\n\n\n<a href=\"https:\/\/gitelejardindesalberes.fr\/?page_id=969\" target=\"_blank\" rel=\"noopener noreferrer\">cliquer ici pour Photos d&rsquo;oiseaux G\u00eete Le Jardin des Alb\u00e8res \u00e0 Argel\u00e8s sur mer<\/a>\n\n\n\n<p>.<\/p>\n\n\n\n<a href=\"https:\/\/gitelejardindesalberes.fr\/?page_id=195\" target=\"_blank\" rel=\"noopener noreferrer\">cliquer ici pour Macrophotographies G\u00eete Le Jardin des Alb\u00e8res \u00e0 Argel\u00e8s sur mer<\/a>\n","protected":false},"excerpt":{"rendered":"<p>. cliquer ici pour Jardin et Parc G\u00eete Le Jardin des Alb\u00e8res \u00e0 Argel\u00e8s sur mer . cliquer ici pour Photos d&rsquo;oiseaux G\u00eete Le Jardin des Alb\u00e8res \u00e0 Argel\u00e8s sur mer . cliquer ici pour Macrophotographies G\u00eete Le Jardin des Alb\u00e8res \u00e0 Argel\u00e8s sur mer<\/p>\n","protected":false},"author":1,"featured_media":0,"parent":0,"menu_order":0,"comment_status":"closed","ping_status":"closed","template":"full-width.php","meta":{"footnotes":""},"class_list":["post-54","page","type-page","status-publish","hentry"],"_links":{"self":[{"href":"https:\/\/gitelejardindesalberes.fr\/index.php?rest_route=\/wp\/v2\/pages\/54","targetHints":{"allow":["GET"]}}],"collection":[{"href":"https:\/\/gitelejardindesalberes.fr\/index.php?rest_route=\/wp\/v2\/pages"}],"about":[{"href":"https:\/\/gitelejardindesalberes.fr\/index.php?rest_route=\/wp\/v2\/types\/page"}],"author":[{"embeddable":true,"href":"https:\/\/gitelejardindesalberes.fr\/index.php?rest_route=\/wp\/v2\/users\/1"}],"replies":[{"embeddable":true,"href":"https:\/\/gitelejardindesalberes.fr\/index.php?rest_route=%2Fwp%2Fv2%2Fcomments&post=54"}],"version-history":[{"count":28,"href":"https:\/\/gitelejardindesalberes.fr\/index.php?rest_route=\/wp\/v2\/pages\/54\/revisions"}],"predecessor-version":[{"id":988,"href":"https:\/\/gitelejardindesalberes.fr\/index.php?rest_route=\/wp\/v2\/pages\/54\/revisions\/988"}],"wp:attachment":[{"href":"https:\/\/gitelejardindesalberes.fr\/index.php?rest_route=%2Fwp%2Fv2%2Fmedia&parent=54"}],"curies":[{"name":"wp","href":"https:\/\/api.w.org\/{rel}","templated":true}]}}

Photos jardin et forêt

<p>     .</p>



<a href="https://gitelejardindesalberes.fr/?page_id=198" target="_blank" rel="noopener noreferrer">cliquer ici pour Jardin et Parc Gîte Le Jardin des Albères à Argelès sur mer</a>



<p>.</p>



<a href="https://gitelejardindesalberes.fr/?page_id=969" target="_blank" rel="noopener noreferrer">cliquer ici pour Photos d&rsquo;oiseaux Gîte Le Jardin des Albères à Argelès sur mer</a>



<p>.</p>



<a href="https://gitelejardindesalberes.fr/?page_id=195" target="_blank" rel="noopener noreferrer">cliquer ici pour Macrophotographies Gîte Le Jardin des Albères à Argelès sur mer</a>

<p>. cliquer ici pour Jardin et Parc Gîte Le Jardin des Albères à Argelès sur mer . cliquer ici pour Photos d&rsquo;oiseaux Gîte Le Jardin des Albères à Argelès sur mer . cliquer ici pour Macrophotographies Gîte Le Jardin des Albères à Argelès sur mer</p>
